d by 27.
25
Calculate the remainder when 2394 is divided by 1182.
30
Calculate the remainder when 44172 is divided by 23.
12
What is the remainder when 535596 is divided by 48?
12
What is the remainder when 6515 is divided by 405?
35
What is the remainder when 3278 is divided by 617?
193
What is the remainder when 119565 is divided by 19?
17
Calculate the remainder when 23614 is divided by 5903.
2
What is the remainder when 7595 is divided by 2?
1
What is the remainder when 13533 is divided by 12?
9
Calculate the remainder when 209491 is divided by 9.
7
Calculate the remainder when 19454 is divided by 177.
161
What is the remainder when 1541 is divided by 277?
156
What is the remainder when 1754 is divided by 1113?
641
What is the remainder when 22122 is divided by 310?
112
What is the remainder when 5229 is divided by 781?
543
Calculate the remainder when 2595 is divided by 13.
8
Calculate the remainder when 9383 is divided by 1204.
955
What is the remainder when 152622 is divided by 555?
552
Calculate the remainder when 1407945 is divided by 725.
720
What is the remainder when 118391 is divided by 11?
9
Calculate the remainder when 8959 is divided by 1278.
13
Calculate the remainder when 19873 is divided by 229.
179
Calculate the remainder when 1164 is divided by 6.
0
What is the remainder when 128537 is divided by 64255?
27
Calculate the remainder when 84954 is divided by 15.
9
What is the remainder when 29663 is divided by 1650?
1613
Calculate the remainder when 11090 is divided by 5529.
32
Calculate the remainder when 11348 is divided by 1016.
172
What is the remainder when 22273 is divided by 2?
1
What is the remainder when 1154114 is divided by 23?
20
Calculate the remainder when 3284 is divided by 2480.
804
What is the remainder when 128965 is divided by 3793?
3
What is the remainder when 418 is divided by 163?
92
Calculate the remainder when 13361 is divided by 4371.
248
Calculate the remainder when 24496 is divided by 1406.
594
Calculate the remainder when 493 is divided by 418.
75
Calculate the remainder when 102119 is divided by 184.
183
Calculate the remainder when 6556 is divided by 72.
4
Calculate the remainder when 2206791 is divided by 200.
191
What is the remainder when 24120 is divided by 21?
12
What is the remainder when 169371 is divided by 169370?
1
What is the remainder when 211074 is divided by 127?
0
Calculate the remainder when 4695 is divided by 299.
210
Calculate the remainder when 5977 is divided by 230.
227
Calculate the remainder when 2743 is divided by 687.
682
What is the remainder when 2492 is divided by 2?
0
What is the remainder when 15595 is divided by 7795?
5
What is the remainder when 76623 is divided by 285?
243
Calculate the remainder when 45414 is divided by 22706.
2
What is the remainder when 65987 is divided by 21948?
143
Calculate the remainder when 49408 is divided by 319.
282
What is the remainder when 43437 is divided by 5?
2
What is the remainder when 8406 is divided by 1680?
6
What is the remainder when 18741 is divided by 434?
79
Calculate the remainder when 958262 is divided by 161.
151
Calculate the remainder when 39484 is divided by 149.
148
What is the remainder when 65820 is divided by 7?
6
Calculate the remainder when 4205 is divided by 140.
5
Calculate the remainder when 49466 is divided by 291.
287
What is the remainder when 18249 is divided by 2026?
15
What is the remainder when 156350 is divided by 571?
467
What is the remainder when 13037 is divided by 210?
17
Calculate the remainder when 30133 is divided by 1574.
227
What is the remainder when 297537 is divided by 95?
92
Calculate the remainder when 31874 is divided by 7956.
50
What is the remainder when 141015 is divided by 47005?
0
What is the remainder when 29144 is divided by 550?
544
Calculate the remainder when 219135 is divided by 256.
255
What is the remainder when 147885 is divided by 144?
141
What is the remainder when 1229 is divided by 281?
105
Calculate the remainder when 58147 is divided by 58147.
0
Calculate the remainder when 62352 is divided by 854.
10
Calculate the remainder when 25610 is divided by 312.
26
What is the remainder when 753579 is divided by 29?
14
What is the remainder when 401135 is divided by 732?
731
What is the remainder when 246417 is divided by 657?
42
Calculate the remainder when 569 is divided by 242.
85
Calculate the remainder when 58605 is divided by 870.
315
Calculate the remainder when 66471 is divided by 22154.
9
What is the remainder when 2845 is divided by 1411?
23
Calculate the remainder when 26727 is divided by 366.
9
What is the remainder when 106264 is divided by 19?
16
What is the remainder when 98007 is divided by 405?
402
Calculate the remainder when 6242805 is divided by 617.
616
What is the remainder when 7116 is divided by 789?
15
What is the remainder when 277383 is divided by 230?
3
What is the remainder when 26652 is divided by 5330?
2
Calculate the remainder when 19773 is divided by 9086.
1601
Calculate the remainder when 2536 is divided by 48.
40
What is the remainder when 948 is divided by 157?
6
Calculate the remainder when 2678 is divided by 1014.
650
What is the remainder when 417279 is divided by 14?
9
What is the remainder when 440584 is divided by 113?
110
What is the remainder when 2955 is divided by 185?
180
What is the remainder when 89211 is divided by 20?
11
What is the remainder when 931769 is divided by 30?
29
What is the remainder when 43589 is divided by 105?
14
Calculate the remainder when 3575 is divided by 1079.
338
Calculate the remainder when 53771 is divided by 334.
331
What is the remainder when 265033 is divided by 326?
321
Calculate the remainder when 1748739 is divided by 14.
13
What is the remainder when 15371 is divided by 1098?
1097
Calculate the remainder when 95044 is divided by 30.
4
Calculate the remainder when 10907 is divided by 237.
5
Calculate the remainder when 18007 is divided by 123.
49
Calculate the remainder when 5614 is divided by 402.
388
What is the remainder when 3077 is divided by 2843?
234
Calculate the remainder when 491 is divided by 442.
49
What is the remainder when 1540491 is divided by 549?
546
Calculate the remainder when 3639 is divided by 357.
69
What is the remainder when 7516 is divided by 2740?
2036
What is the remainder when 9746 is divided by 571?
39
Calculate the remainder when 94758 is divided by 31574.
36
What is the remainder when 15602 is divided by 89?
27
What is the remainder when 1438 is divided by 1368?
70
What is the remainder when 5268 is divided by 327?
36
What is the remainder when 82916 is divided by 8?
4
What is the remainder when 3109 is divided by 107?
6
What is the remainder when 2645 is divided by 65?
45
Calculate the remainder when 19239 is divided by 482.
441
Calculate the remainder when 16769 is divided by 399.
11
What is the remainder when 218218 is divided by 74?
66
Calculate the remainder when 14970 is divided by 115.
20
Calculate the remainder when 4177 is divided by 696.
1
Calculate the remainder when 3101 is divided by 1470.
161
What is the remainder when 17335 is divided by 7?
3
Calculate the remainder when 21028 is divided by 133.
14
What is the remainder when 4879 is divided by 25?
4
What is the remainder when 472341 is divided by 68?
13
What is the remainder when 1312 is divided by 406?
94
Calculate the remainder when 3588 is divided by 3578.
10
Calculate the remainder when 575920 is divided by 114.
106
What is the remainder when 229770 is divided by 21?
9
What is the remainder when 283831 is divided by 161?
149
What is the remainder when 2841 is divided by 449?
147
Calculate the remainder when 60549 is divided by 70.
69
Calculate the remainder when 507052 is divided by 88.
84
What is the remainder when 490905 is divided by 22?
19
Calculate the remainder when 17296 is divided by 11.
4
What is the remainder when 119158 is divided by 119153?
5
What is the remainder when 5898 is divided by 327?
12
What is the remainder when 27152 is divided by 13?
8
What is the remainder when 26358 is divided by 43?
42
Calculate the remainder when 306070 is divided by 105.
100
Calculate the remainder when 2830 is divided by 1998.
832
What is the remainder when 16103 is divided by 166?
1
Calcul